 30. Suppose -4*x + 480 = 4*r, -3*x - 2*x = -m*r - 636. Let p = -15 + x. What is the tens digit of p?
0
Let h = 26301 - 7447. What is the hundreds digit of h?
8
Let g be (-3)/((-10)/(-5) + -3). Suppose -5*s + 4*a + 3 = 0, 25 = g*s + 5*a + 1. Suppose s*i - d - 152 = 0, 5*i - 207 = -d + 41. What is the units digit of i?
0
Suppose q = -5*n + 1335, -57*n = -54*n - 9. What is the units digit of q?
0
Let d(s) = -s**2 - 3*s + 14. Let r be d(-6). Let h(n) = -n**3 - 4*n**2 - 2*n - 5. Let a be h(r). Let m(c) = 5*c + 8. What is the units digit of m(a)?
3
Let z(n) = -2055*n + 2416. What is the hundreds digit of z(-14)?
1
Let w(f) = 134*f - 150. Let q be w(-9). Let d = -814 - q. What is the units digit of d?
2
Let o = 2332 + -1471. Suppose -14*b = -7*b - o. Suppose g = b + 97. What is the hundreds digit of g?
2
Suppose 4*m = 0, 3*m + 56 = -5*n - 104. Let d = n + 34. What is the tens digit of d/2*-33*(-9 - -4)?
6
Suppose -17 = -2*w + d - 182, 96 = -w - 4*d. Let o = -174 - w. Let q = -52 - o. What is the tens digit of q?
3
Let o = 77796 - 54254. What is the units digit of o?
2
Let x(i) = -17 + 22 + 32 - i**2 - 15*i + 7*i. Let d be x(-11). Suppose 580 = d*t + 4*f, -717 = -5*t + 9*f - 10*f. What is the tens digit of t?
4
Let w(a) = -a**2 - 15*a - 16. Let z be w(-13). Let i(f) = -4*f + 13*f - z*f + 3 + 8. What is the units digit of i(0)?
1
Let r(p) = 2*p**2 - p - 11. Let z = 4 - 28. Let m be (2 - -1)*56/z. What is the tens digit of r(m)?
9
Let a = -5917 + 10854. What is the hundreds digit of a?
9
Let m(s) = s**3 + 7*s**2 - 7*s + 1. Let x be m(-7). Suppose -49*a + x*a + 6 = 0. What is the hundreds digit of (-1082)/(-10) + a/30?
1
Let s = -22 - -25. Suppose -4*r - 22 = -s*x, -x + 9 = x + 3*r. Suppose -9*o + x*o + 363 = 0. What is the hundreds digit of o?
1
Suppose 0 = d + i + 763 - 23629, -5*d = -5*i - 114280. What is the units digit of d?
1
Let i(x) be the second derivative of x**4/6 + 19*x**3/3 - 93*x**2/2 + 151*x. What is the tens digit of i(-34)?
2
Let t be ((-4)/2)/(-23 + 21). Let j be t/(-2)*0/3. Suppose -486 = -6*n - j*n. What is the tens digit of n?
8
Let d(c) = 118*c - 50. Suppose 2*b - 6*b = -20. What is the units digit of d(b)?
0
Let i(r) = r**3 - 4*r**2 + 2*r + 2. Let x be i(2). Let t(l) be the second derivative of -2*l**5/5 - l**4/4 - 4*l. What is the tens digit of t(x)?
5
Let i(l) = -655*l**3 + 17*l**2 + 10*l - 9. What is the tens digit of i(-4)?
4
Suppose -3*z + 3384 + 877 = -4*n, -5*z = -5*n - 7100. What is the thousands digit of z?
1
What is the units digit of 4913 - -1 - (27 - 25 - 3)?
5
Suppose -4*z + 10 + 26 = -5*o, 5*z - 8 = -3*o. Suppose 3*i = z*f + 165, f = -3*i - f + 183. What is the units digit of i?
9
Let g(s) = s**2 - 19*s + 102. Let c be g(26). Let a = c - -733. What is the units digit of a?
7
Suppose -7*n + 175 = 18*n. What is the units digit of (-29)/(n - 285/40)?
2
Suppose 37*u - 170049 = 10622. What is the thousands digit of u?
4
Suppose -s + 5*v = -5826, -2425 + 31515 = 5*s - 5*v. What is the units digit of s?
6
Let y(l) be the third derivative of -l**6/120 - l**5/15 + 5*l**4/12 + 22*l**2. Let o be y(-6). Let u = o + 44. What is the tens digit of u?
5
Suppose -3*u + 3 = -2*u, -2*b + 4*u = -656. Suppose 0 = 5*k - 1089 + b. Suppose -453 = -3*w + p, -2*p - p = -w + k. What is the tens digit of w?
5
Suppose 41*q - 1821 - 3331 = 38923. What is the tens digit of q?
7
Let g(s) = -1500*s + 19. Suppose 3*f + 0*f = -j - 4, f + 5*j + 6 = 0. What is the units digit of g(f)?
9
Suppose 2284087 = 236*s - 1997897. What is the thousands digit of s?
8
Let o(g) = 49 - 72 - 64 + 6*g. Suppose 0 = -4*h + 4*f + 116, 20*h = 16*h + 3*f + 116. What is the tens digit of o(h)?
8
Let r = 166454 - 88612. What is the tens digit of r?
4
Suppose -4*j + 5*s + 14727 = 0, -j = 2*j + s - 11069. What is the units digit of j?
8
Let r be -28*(-2)/(-3)*486/54. What is the tens digit of (-1)/(-4) - (-7)/(r/(-2298))?
9
Let y(q) be the first derivative of -5*q**2/2 + 26*q + 37. What is the units digit of y(-10)?
6
Let g(r) = 14 + 4*r**2 - 8 + 10 + 15 - 7*r. What is the units digit of g(4)?
7
Suppose 36*y - 38*y = 2*w - 138542, 207815 = 3*w + 5*y. What is the hundreds digit of w?
2
Let u = 83 - -43. Let n(b) = -b**3 + b**2 + 63 + 7*b + 9 + u. What is the hundreds digit of n(0)?
1
Let m be (-2 - 1)/(9/(-30)). Suppose 0 = -13*k + m*k. Suppose q + 0*q - 78 = k. What is the tens digit of q?
7
Suppose -36*f = -31*f, -f = 3*t - 115548. What is the hundreds digit of t?
5
Suppose 5*r = -0*r + 75. Suppose -19*z + r*z = 0. Suppose 5*d + 20 = z, -3*q = q + 5*d - 52. What is the tens digit of q?
1
Suppose -2*b + 6432 = 2*r, -2*b + 4*r + 413 + 6001 = 0. What is the hundreds digit of (-714)/b + ((-15380)/18)/(-2)?
4
Let p(u) = 2*u**2 - 58*u - 189. Let f be p(-3). Let j = 11 - 7. Suppose 5*o - f*b - 121 = 0, o - 124 = -j*o + 2*b. What is the tens digit of o?
2
What is the hundreds digit of 9184954/666 + 4/22 + 80/(-198)?
7
Let m(c) = 2*c**3 - 149*c + 2. What is the thousands digit of m(11)?
1
Let v(y) = -y**3 + 5*y**2 + 5*y - 25. Let h be v(5). Suppose h = -34*q + 18474 + 7264. What is the units digit of q?
7
Let z be (-43)/(-1) + (-156)/39. Suppose 43*c = z*c + 136. What is the tens digit of c?
3
Suppose -1617486 = -17*g - 651682. What is the units digit of g?
2
Let a(i) = 2*i**3 - 12*i**2 + 33*i - 20. Let q be ((-273)/(-312))/(1/8). What is the tens digit of a(q)?
0
Suppose 4*f + 25*t - 30*t - 37518 = 0, -t + 6 = 0. What is the hundreds digit of f?
3
Let d be 378*-1*(4 + -5). Let v = -270 + d. What is the hundreds digit of v?
1
Let o(v) = 203*v**2 - 184*v + 892. What is the tens digit of o(5)?
4
What is the units digit of (-260043)/(-30) - (11 + 10 + 836/(-40))?
8
Let x(j) = -28 - 53*j + 5*j**3 - 4*j**3 + 5*j**2 + 15*j**2. What is the hundreds digit of x(-22)?
1
Let z(n) = 10*n - 76. Let p be z(8). Suppose -12 = p*s, -4*i - 2*s = i - 849. What is the hundreds digit of i?
1
Suppose 0*u = -0*u - u. Suppose -3*r - 5*g = 488, u = -2*r + 3*g - 209 - 129. Let l = r - -331. What is the tens digit of l?
6
Let a = 23830 - 13520. What is the ten thousands digit of a?
1
Suppose -460*r = 2*s - 463*r - 65667, -5*r - 32844 = -s. What is the units digit of s?
9
Let o(i) = 6*i**2 - 67*i - 366. Let g(m) = -5*m**2 + 66*m + 367. Let h(b) = -7*g(b) - 6*o(b). What is the hundreds digit of h(-50)?
1
Suppose -134*g = -633047 + 86863. What is the thousands digit of g?
4
Suppose 0*y - 4*w = 3*y - 16, 5*y - 5*w = 50. Suppose -20 = 5*p, -5*p + y = 4*t + 24. What is the units digit of t?
1
Suppose 1203*y - g + 14256 = 1205*y, 4*y + g - 28504 = 0. What is the hundreds digit of y?
1
Suppose 0 = 459*t - 455*t - 8. Suppose t*o - 36 = 1312. What is the hundreds digit of o?
6
Let w(x) = 29*x**3 + 11*x**2 + 3*x - 11. Let o(l) = 7*l**3 - l**2 + 4. Let k(u) = -4*o(u) + w(u). Suppose 0 = 3*z + 40 + 2. What is the hundreds digit of k(z)?
1
Let q be (-1 - 8/(-10)) + 342/(-90). Let g be (-25)/(-15)*(-11 + q). Let k = g + 57. What is the units digit of k?
2
Let t be ((-64)/(-80))/((-6)/(-15)). Suppose 2*r = 3*p + 741, 5*r - t*p = r + 1462. What is the hundreds digit of r?
3
Let j(b) = 539*b**2 - 16*b - 17. Let c be j(-1). Suppose 5*t + 782 = 3*w, 2*t + 3*t - c = -2*w. What is the hundreds digit of w?
2
Suppose j + 12 - 9 = -2*p, -4*j - p + 16 = 0. Suppose -j*i - 5*l = -1795, -4*l - 2954 = -5*i - 1177. What is the hundreds digit of i?
3
Suppose 7501 = -3*j + 27925. What is the hundreds digit of j?
8
Suppose 11*v = 6*v + 15. Suppose 1926 = 3*m + t, 4*m = -5*t + v*t + 2568. What is the units digit of 4/6 + (m/9 - -6)?
8
Suppose -167*l + 10301886 + 18046 = 0. What is the ten thousands digit of l?
6
Suppose 0 = -4*h - v + 42038, -14650 = -h - 2*v - 4151. What is the tens digit of h?
1
Let l(p) = p**2 + 12*p + 19. Let d be l(-6). Let o(y) = 2*y**2 + 28*y + 46. What is the hundreds digit of o(d)?
1
Suppose 11*b - 83 = 170. Suppose 0 = -5*c - 2*h + 22 + 29, -32 = -2*c + 5*h. Let f = b - c. What is the units digit of f?
2
Suppose -3*o + 2*n = 7*n - 5194, 0 = -3*o + 5*n + 5234. What is the units digit of o?
8
Let w = -3812 + 26. Let k = -1780 - w. What is the thousands digit of k?
2
Let s(q) = q**2 + 37. Let n be 0/((-5)/(-4) - (-10)/(-40)). Let y be s(n). Suppose -35*o = -y*o + 32. What is the units digit of o?
6
Let z be (-9)/(-45 